Is 15 a factor of 720?
True
Does 11 divide 1973?
False
Is 347 a multiple of 3?
False
Does 28 divide 1204?
True
Is 17 a factor of 3594?
False
Is 23 a factor of 3059?
True
Does 16 divide 6606?
False
Is 54094 a multiple of 86?
True
Is 6 a factor of 5064?
True
Is 28 a factor of 840?
True
Is 69640 a multiple of 40?
True
Is 75 a factor of 375?
True
Does 12 divide 168?
True
Is 16192 a multiple of 111?
False
Does 69 divide 345?
True
Does 2 divide 203?
False
Does 59 divide 797?
False
Is 18 a factor of 6318?
True
Is 30 a factor of 360?
True
Is 12626 a multiple of 214?
True
Is 2583 a multiple of 41?
True
Does 6 divide 833?
False
Is 47 a factor of 14150?
False
Does 9 divide 43081?
False
Is 10 a factor of 182?
False
Is 733 a multiple of 19?
False
Is 29351 a multiple of 17?
False
Does 6 divide 230?
False
Is 14 a factor of 22854?
False
Is 11 a factor of 7183?
True
Does 101 divide 22473?
False
Is 6 a factor of 663?
False
Is 75079 a multiple of 15?
False
Is 1236 a multiple of 4?
True
Is 11362 a multiple of 94?
False
Is 61 a factor of 4044?
False
Is 12397 a multiple of 7?
True
Is 38 a factor of 21660?
True
Does 51 divide 969?
True
Is 4 a factor of 28360?
True
Does 35 divide 39807?
False
Does 10 divide 2450?
True
Does 49 divide 1569?
False
Is 31 a factor of 26381?
True
Is 10350 a multiple of 50?
True
Does 170 divide 11560?
True
Is 323 a multiple of 10?
False
Is 31 a factor of 21233?
False
Is 51 a factor of 673?
False
Is 8 a factor of 3956?
False
Is 2 a factor of 3617?
False
Does 23 divide 17393?
False
Does 3 divide 576?
True
Is 6944 a multiple of 16?
True
Is 13 a factor of 606?
False
Is 260 a multiple of 10?
True
Is 6496 a multiple of 14?
True
Does 5 divide 591?
False
Does 23 divide 140?
False
Does 16 divide 304?
True
Is 26 a factor of 910?
True
Is 9632 a multiple of 20?
False
Does 123 divide 8979?
True
Does 43 divide 3077?
False
Is 30 a factor of 210?
True
Is 604 a multiple of 4?
True
Is 85 a factor of 425?
True
Is 7880 a multiple of 40?
True
Is 2350 a multiple of 25?
True
Is 14 a factor of 13034?
True
Is 7271 a multiple of 367?
False
Is 106 a factor of 1180?
False
Does 45 divide 3862?
False
Does 28 divide 24429?
False
Does 307 divide 18727?
True
Does 15 divide 33202?
False
Does 45 divide 27450?
True
Is 67 a factor of 362?
False
Does 11 divide 1023?
True
Is 8 a factor of 3816?
True
Is 780 a multiple of 6?
True
Is 138 a multiple of 5?
False
Does 15 divide 615?
True
Is 51 a factor of 1786?
False
Is 40690 a multiple of 32?
False
Is 54086 a multiple of 38?
False
Is 6160 a multiple of 110?
True
Is 68 a factor of 3604?
True
Is 9 a factor of 44154?
True
Is 4 a factor of 7137?
False
Does 22 divide 3828?
True
Is 12 a factor of 3276?
True
Is 19 a factor of 3895?
True
Is 9749 a multiple of 13?
False
Does 14 divide 2982?
True
Is 27 a factor of 407?
False
Is 44 a factor of 1206?
False
Does 44 divide 20083?
False
Is 5193 a multiple of 35?
False
Is 39 a factor of 877?
False
Is 24 a factor of 11046?
False
Is 53 a factor of 2228?
False
Does 50 divide 3663?
False
Is 6168 a multiple of 8?
True
Is 23 a factor of 138?
True
Is 23 a factor of 37295?
False
Is 3603 a multiple of 8?
False
Does 109 divide 6431?
True
Is 3083 a multiple of 8?
False
Is 3718 a multiple of 13?
True
Is 4 a factor of 300?
True
Is 16 a factor of 9744?
True
Is 1602 a multiple of 10?
False
Does 9 divide 21628?
False
Does 38 divide 570?
True
Is 3229 a multiple of 8?
False
Is 28 a factor of 27020?
True
Is 86 a multiple of 30?
False
Does 7 divide 2414?
False
Does 12 divide 2844?
True
Is 30 a factor of 30750?
True
Is 15100 a multiple of 20?
True
Is 24736 a multiple of 14?
False
Is 1225 a multiple of 49?
True
Does 116 divide 1458?
False
Does 18 divide 1512?
True
Is 187 a multiple of 28?
False
Does 28 divide 728?
True
Is 148 a factor of 8140?
True
Is 774 a multiple of 129?
True
Is 2972 a multiple of 4?
True
Is 225 a multiple of 3?
True
Is 127 a factor of 20324?
False
Is 5525 a multiple of 17?
True
Is 5600 a multiple of 7?
True
Does 25 divide 28200?
True
Does 136 divide 3128?
True
Is 8695 a multiple of 67?
False
Does 12 divide 264?
True
Is 984 a multiple of 24?
True
Does 18 divide 2250?
True
Is 57 a factor of 8208?
True
Is 42 a factor of 1512?
True
Is 42 a factor of 1968?
False
Is 755 a multiple of 23?
False
Does 23 divide 458?
False
Is 23 a factor of 160?
False
Is 8 a factor of 14632?
True
Is 23 a factor of 830?
False
Is 8 a factor of 2247?
False
Does 5 divide 3307?
False
Is 2 a factor of 2205?
False
Is 13 a factor of 1040?
True
Does 2 divide 93?
False
Is 58 a factor of 2146?
True
Does 80 divide 7120?
True
Is 760 a multiple of 20?
True
Is 27 a factor of 1026?
True
Does 40 divide 24880?
True
Is 16562 a multiple of 7?
True
Is 17 a factor of 9204?
False
Does 4 divide 89?
False
Is 20 a factor of 620?
True
Does 12 divide 372?
True
Is 7 a factor of 2428?
False
Is 107 a factor of 2060?
False
Is 11 a factor of 3344?
True
Is 5 a factor of 3506?
False
Is 27 a factor of 1080?
True
Is 21896 a multiple of 136?
True
Is 23 a factor of 84?
False
Does 15 divide 630?
True
Is 12070 a multiple of 46?
False
Is 97 a factor of 39863?
False
Is 36 a multiple of 9?
True
Is 1451 a multiple of 2?
False
Is 2952 a multiple of 59?
False
Is 74 a factor of 44696?
True
Does 41 divide 3217?
False
Does 44 divide 1232?
True
Is 54544 a multiple of 14?
True
Does 8 divide 5784?
True
Is 524 a multiple of 8?
False
Does 25 divide 9875?
True
Does 18 divide 498?
False
Is 1008 a multiple of 84?
True
Does 3 divide 30?
True
Does 21 divide 86144?
False
Is 14 a factor of 11403?
False
Is 22 a factor of 1672?
True
Is 38 a factor of 14901?
False
Is 20 a factor of 64896?
False
Is 35056 a multiple of 28?
True
Is 115 a factor of 9632?
False
Is 13 a factor of 15948?
False
Is 50 a factor of 1300?
True
Does 13 divide 23?
False
Does 29 divide 598?
False
Is 151 a factor of 1766?
False
Is 319 a multiple of 17?
False
Is 2016 a multiple of 32?
True
Is 281 a multiple of 4?
False
Does 7 divide 1673?
True
Is 29947 a multiple of 20?
False
Does 72 divide 3960?
True
Is 14 a factor of 25?
False
Does 4 divide 342?
False
Is 1100 a multiple of 55?
True
Is 232 a multiple of 8?
True
Is 34 a factor of 734?
False
Does 61 divide 22903?
False
Is 11 a factor of 7113?
False
Does 2 divide 31?
False
Does 14 divide 199?
False
Is 325 a multiple of 13?
True
Does 12 divide 12272?
False
Does 14 divide 2296?
True
Is 12140 a multiple of 95?
False
Does 38 divide 1026?
True
Is 46 even?
True
Is 2020 a multiple of 10?
True
Is 54 a multiple of 3?
True
Is 571 a multiple of 10?
False
Is 308 a multiple of 9?
False
Does 22 divide 27496?
False
Does 222 divide 61716?
True
Is 47983 a multiple of 11?
False
Does 12 divide 19869?
False
Is 13520 a multiple of 65?
True
Is 66 a factor of 1782?
True
Is 4063 a multiple of 6?
False
Is 83 a factor of 10471?
False
Is 840 a multiple of 77?
False
Is 3 a factor of 219?
True
Is 4994 a multiple of 12?
False
Is 22 a factor of 241?
False
Is 292 a multiple of 73?
True
Is 17 a factor of 1632?
True
Is 34 a multiple of 2?
True
Does 64 divide 1088?
True
Does 13 divide 5173?
False
Is 1199 a multiple of 109?
True
Does 12 divide 9816?
True
Does 33 divide 10834?
False
Is 231 a multiple of 7?
True
Does 268 divide 9648?
True
Is 798 a multiple of 32?
False
Does 12 divide 4976?
False
Is 94 a factor of 1871?
False
Does 9 divide 405?
True
Is 8 a factor of 784?
True
Is 12 a factor of 217?
False
Does 14 divide 266?
True
Does 57 divide 399?
True
Is 9784 a multiple of 8?
True
Is 5 a factor of 12800?
True
Is 2 a factor of 147?
False
Is 133 a factor of 17024?
True
Is 873 a multiple of 3?
True
Is 23871 a multiple of 23?
False
Does 2 divide 2104?
True
Does 25 divide 83350?
True
Does 14 divide 1204?
True
Does 15 divide 8301?
False
Does 14 divide 3796?
False
Is 4731 a multiple of 55?
False
Is 4 a factor of 2016?
True
Is 3 a factor of 638?
False
Does 3 divide 1086?
True
Is 28071 a multiple of 35?
False
Does 6 divide 544?
False
Is 20 a factor of 3740?
True
Is 5 a factor of 855?
True
Does 27 divide 9104?
False
Does 29 divide 595?
False
Is 1586 a multiple of 61?
True
Is 32880 a multiple of 16?
True
Is 132124 a multiple of 134?
True
Is 25 a factor of 300?
True
Does 17 divide 3114?
False
Is 14 a factor of 2744?
True
Does 54 divide 486?
True
Is 2844 even?
True
Does 18 divide 1285?
False
Is 50 a factor of 4100?
True